{"id":1114,"date":"2025-04-24T04:28:01","date_gmt":"2025-04-24T04:28:01","guid":{"rendered":"https:\/\/aracnidatextil.com\/?page_id=1114"},"modified":"2025-10-19T11:37:47","modified_gmt":"2025-10-19T11:37:47","slug":"mi-historia","status":"publish","type":"page","link":"https:\/\/aracnidatextil.com\/?page_id=1114","title":{"rendered":"Mi historia"},"content":{"rendered":"\n<div class=\"wp-block-group is-layout-constrained wp-container-core-group-is-layout-8a400663 wp-block-group-is-layout-constrained\">\n<p class=\"has-text-align-center\">La historia que tengo con el tejido se gener\u00f3 desde muy temprana edad, cuando pude comprender que un conjunto de hilos se entrelaza para formas estructuras maravillosas y que la creaci\u00f3n estaba ligada a mis manos y mi mente, as\u00ed comenz\u00f3 un camino, un hilo invisible que, sin darme cuenta, me llevar\u00eda a crear Ar\u00e1cnida, proyecto que me ha permitido compartir mi pasi\u00f3n por los textiles andinos con much\u00edsimos alumnos e investigadores.<\/p>\n\n\n\n<div class=\"wp-block-group linea-tiempo is-content-justification-center is-layout-constrained wp-block-group-is-layout-constrained\" style=\"margin-top:5rem;margin-bottom:5rem\">\n<div class=\"wp-block-group momento is-layout-constrained wp-block-group-is-layout-constrained\">\n<h3 class=\"wp-block-heading\">2003<\/h3>\n\n\n\n<figure class=\"wp-block-image size-large\"><img loading=\"lazy\" decoding=\"async\" width=\"768\" height=\"1024\" src=\"https:\/\/aracnidatextil.com\/wp-content\/uploads\/2025\/01\/IMG_5837-768x1024.jpg\" alt=\"\" class=\"wp-image-956\" srcset=\"https:\/\/aracnidatextil.com\/wp-content\/uploads\/2025\/01\/IMG_5837-768x1024.jpg 768w, https:\/\/aracnidatextil.com\/wp-content\/uploads\/2025\/01\/IMG_5837-225x300.jpg 225w, https:\/\/aracnidatextil.com\/wp-content\/uploads\/2025\/01\/IMG_5837-1152x1536.jpg 1152w, https:\/\/aracnidatextil.com\/wp-content\/uploads\/2025\/01\/IMG_5837-1536x2048.jpg 1536w, https:\/\/aracnidatextil.com\/wp-content\/uploads\/2025\/01\/IMG_5837-600x800.jpg 600w, https:\/\/aracnidatextil.com\/wp-content\/uploads\/2025\/01\/IMG_5837-scaled.jpg 1920w\" sizes=\"auto, (max-width: 768px) 100vw, 768px\" \/><\/figure>\n\n\n\n<div class=\"wp-block-group descripcion is-layout-constrained wp-block-group-is-layout-constrained\">\n<p>Cuando ten\u00eda 12 a\u00f1os me fui a vivir con mi abuelita al distrito del R\u00edmac (Lima). Todos los d\u00edas los chicos sal\u00edamos a jugar en la cuadra y fue ah\u00ed donde aprend\u00ed a tejer pulseras en macram\u00e9, t\u00e9cnica de nudos que se volvi\u00f3 popular en el barrio. Una chica mayor que nosotros, nos ense\u00f1\u00f3 los puntos m\u00e1s b\u00e1sicos, pero en una enorme curiosidad y ganas de seguir tejiendo, armaba y desarmaba pulseras para descubrir el misterio que guardaban. Por varios a\u00f1os estuve experimentado hasta que un d\u00eda logr\u00e9 comprender conscientemente la estructura del nudo y el movimiento de los hilos que daban sentido a un sinf\u00edn de posibilidades, fue en ese instante donde inocentemente me sent\u00ed feliz. La sensibilidad que me aport\u00f3 la comprensi\u00f3n en el hacer y en lo m\u00e1s profundo de la creaci\u00f3n, me dieron las bases para tejer m\u00faltiples t\u00e9cnicas textiles y apreciar todo tipo de tejidos.<\/p>\n<\/div>\n<\/div>\n\n\n\n<div class=\"wp-block-group momento is-layout-constrained wp-block-group-is-layout-constrained\">\n<h3 class=\"wp-block-heading\">Por muchos a\u00f1os segu\u00ed tejiendo en macram\u00e9,<\/h3>\n\n\n\n<div class=\"wp-block-group descripcion is-layout-constrained wp-block-group-is-layout-constrained\">\n<p> descubriendo muchas formas y dise\u00f1os, pero este oficio no ser\u00eda una opci\u00f3n a dedicarse, as\u00ed que con mucho esfuerzo postul\u00e9 a San Marcos y a los 20 a\u00f1os comenc\u00e9 a estudiar Historia del Arte, en los primeros ciclos de la carrera llev\u00e9 el curso de \u201cArte del Per\u00fa Antiguo\u201d, donde la profesora Patricia Victorio presentaba imagen tras imagen de una excelente tradici\u00f3n textil, que antes no hab\u00eda podido apreciar de esa manera. Tengo el vivo recuerdo de la impresi\u00f3n y las ganas de aprender a tejer lo que esos hombres y mujeres hab\u00edan tejido hace miles de a\u00f1os atr\u00e1s.<\/p>\n<\/div>\n<\/div>\n\n\n\n<div class=\"wp-block-group momento is-layout-constrained wp-block-group-is-layout-constrained\">\n<h3 class=\"wp-block-heading\">Motivada por este encuentro, emprend\u00ed mi b\u00fasqueda hacia quienes ser\u00edan mis maestros, y no saben lo dif\u00edcil que fue encontrar informaci\u00f3n en mi peque\u00f1o entorno alejado de esos temas.<\/h3>\n\n\n\n<div class=\"wp-block-group descripcion is-layout-constrained wp-block-group-is-layout-constrained\">\n<p>Mi primer maestro en est\u00e1s artes tradicionales fue Salom\u00e9 Rojas, \u00e9l dictaba el taller de telar de cintura en el Museo de la Cultura Peruana, todo un reto que me fascino porque desde que era ni\u00f1a no asimil\u00e9 que hab\u00eda distintas estructuras y formas de tejer m\u00e1s all\u00e1 de los nudos; esta fue la puerta a los tejidos tradicionales que me mostr\u00f3 un universo que quer\u00eda seguir recorriendo. Luego vinieron los talleres con el maestro Andr\u00e9s Yntusca, gran artesano y docente que en el Museo de Arqueolog\u00eda y Antropolog\u00eda de San Marcos, ense\u00f1aba de manera muy did\u00e1ctica a realizar r\u00e9plica de textiles del antiguo Per\u00fa, una labor invaluable y comprometida de la cual surgi\u00f3 una comunidad de tejedoras hasta hoy vigente. <\/p>\n<\/div>\n<\/div>\n\n\n\n<div class=\"wp-block-group momento is-layout-constrained wp-block-group-is-layout-constrained\">\n<h3 class=\"wp-block-heading\">Algunos A\u00f1os m\u00e1s tarde<\/h3>\n\n\n\n<div class=\"wp-block-group descripcion is-layout-constrained wp-block-group-is-layout-constrained\">\n<p>como parte de la carrera llev\u00e9 un curso electivo sobre Arte textil peruano, con la profesora Sara Acevedo, una oportunidad que completaba mi comprensi\u00f3n del enorme y valioso legado textil del Per\u00fa, gracias a este curso realic\u00e9 una investigaci\u00f3n en el pueblo de Sarhua \u2013 Ayacucho, ah\u00ed puede comprender que nuestra tradici\u00f3n textil a\u00fan segu\u00eda viva. Este viaje fue un descubrimiento, porque siendo de Lima, nieta de migrantes (Ayacucho y Cajamarca), conviv\u00ed muy de cerca con el desarraigo que gener\u00f3 la discriminaci\u00f3n en mi pa\u00eds. Todas las tradiciones que pudieron formar parte de mis vivencias simplemente se borraron en la enorme ciudad y es as\u00ed como muchos desconocemos que nuestras tradiciones siguen presentes en pueblos que resistieron y conservaron este legado. <\/p>\n<\/div>\n<\/div>\n\n\n\n<div class=\"wp-block-group momento is-layout-constrained wp-block-group-is-layout-constrained\">\n<h3 class=\"wp-block-heading\">En pandemia<\/h3>\n\n\n\n<div class=\"wp-block-group descripcion is-layout-constrained wp-block-group-is-layout-constrained\">\n<p>conoc\u00ed a Gracilino Achalma, ayacuchano residente en Lima que se dedica a la venta de ceviche en el mercado que est\u00e1 cerca a mi casa. Todos los d\u00edas le compraba y fue ah\u00ed donde surgieron las conversaciones, me coment\u00f3 que su esposa, su madre y \u00e9l tej\u00edan, que sus hijos ya no, porque estaban dedicados a otras labores en la ciudad. Gracilino me mostr\u00f3 sus cordones, ya no recordaba muy bien como hacerlos y yo estaba justo aprendiendo, as\u00ed que me comenz\u00f3 a ense\u00f1ar y recordar; tej\u00eda super r\u00e1pido, como quien tiene el oficio aprendido desde la infancia, con la comprensi\u00f3n en la mente y en el cuerpo; hice muchos esfuerzos en seguirlo y entender lo que me estaba entregando. De esta forma aprend\u00ed a tejer variados tipos de cordones que fueron la base para seguir el camino del trenzado. <\/p>\n<\/div>\n<\/div>\n\n\n\n<div class=\"wp-block-group momento is-layout-constrained wp-block-group-is-layout-constrained\">\n<h3 class=\"wp-block-heading\">Tejiendo cordoner\u00eda me vincul\u00e9 con temas de cosmovisi\u00f3n andina y pude asociarlo a mis pr\u00e1cticas,<\/h3>\n\n\n\n<div class=\"wp-block-group descripcion is-layout-constrained wp-block-group-is-layout-constrained\">\n<p>pues encontr\u00e9 una relaci\u00f3n estrecha entre el tejido y esta forma de entender la vida. <br>Me di cuenta de que muchos de los conceptos que aprend\u00ed se materializaban cuando tej\u00eda, por ejemplo, la uni\u00f3n de los opuestos complementarios como las tramas y las urdimbres que al tejerse dan vida a la pieza, tambi\u00e9n la ciclicidad que es transitar constantemente en el hacer cuando tejemos. Y tejer, me ha ayudado a no solo interpretar im\u00e1genes y colores, sino a ver en profundidad los movimientos corporales asociados a la mente y el desarrollo cognitivo que se genera con la acci\u00f3n de formar estructuras textiles enlazadas a una manera de ver la vida y el cosmos. <\/p>\n<\/div>\n<\/div>\n\n\n\n<div class=\"wp-block-group momento is-layout-constrained wp-block-group-is-layout-constrained\">\n<h3 class=\"wp-block-heading\">Con el pasar de los a\u00f1os tuve certeza de que el hacer textil y la investigaci\u00f3n ser\u00edan parte de mi vida,<\/h3>\n\n\n\n<div class=\"wp-block-group descripcion is-layout-constrained wp-block-group-is-layout-constrained\">\n<p>estaba dispuesta a vivir de lo que amaba, con el miedo de habitar una sociedad que a\u00fan no entiende la importancia de su cultura y tradici\u00f3n. Ni mi familia entend\u00eda del todo mi pasi\u00f3n por los textiles y el mundo andino, sin embargo, segu\u00ed luchando por el ese sue\u00f1o que hoy me sostiene. <\/p>\n<\/div>\n<\/div>\n\n\n\n<div class=\"wp-block-group momento is-layout-constrained wp-block-group-is-layout-constrained\">\n<h3 class=\"wp-block-heading\">Como parte de este recorrido, comenc\u00e9 a dictar talleres desde el 2012,<\/h3>\n\n\n\n<div class=\"wp-block-group descripcion is-layout-constrained wp-block-group-is-layout-constrained\">\n<p>porque quer\u00eda que todo el que quisiera adentrarse en este mundo del tejido y la cosmovisi\u00f3n andina, tuviera la oportunidad de encontrar un lugar amoroso y comprometido. Fue ah\u00ed donde descubr\u00ed que ense\u00f1ar me segu\u00eda ense\u00f1ando porque para compartir ten\u00eda que comprender mucho m\u00e1s de lo que ya hab\u00eda aprendido. A partir de eso en el 2019 cre\u00e9 Ar\u00e1cnida, mi ara\u00f1ita que genera redes impensables para aquella ni\u00f1a que comenz\u00f3 entendiendo un nudo sin saber que el tejido de la vida le ten\u00eda preparado este camino. <\/p>\n<\/div>\n<\/div>\n<\/div>\n\n\n\n<div class=\"wp-block-group is-layout-constrained wp-block-group-is-layout-constrained\">\n<h4 class=\"wp-block-heading has-text-align-center\">Gracias por leerme<\/h4>\n\n\n\n<p class=\"has-text-align-center\">si quieres seguir mi trabajo te invito a visitar mis cuentas de Instagram y Facebook donde publico los proyectos que realizo continuamente y mi canal YouTube, medio que me sirve para compartir clases y tutoriales sobre textiles.  <\/p>\n<\/div>\n<\/div>\n","protected":false},"excerpt":{"rendered":"<p>La historia que tengo con el tejido se gener\u00f3 desde muy temprana edad, cuando pude comprender que un conjunto de hilos se entrelaza para formas estructuras maravillosas y que la creaci\u00f3n estaba ligada a mis manos y mi mente, as\u00ed comenz\u00f3 un camino, un hilo invisible que, sin darme cuenta, me llevar\u00eda a crear Ar\u00e1cnida, [&hellip;]<\/p>\n","protected":false},"author":1,"featured_media":0,"parent":0,"menu_order":0,"comment_status":"closed","ping_status":"closed","template":"","meta":{"site-sidebar-layout":"default","site-content-layout":"","ast-site-content-layout":"default","site-content-style":"default","site-sidebar-style":"default","ast-global-header-display":"","ast-banner-title-visibility":"","ast-main-header-display":"","ast-hfb-above-header-display":"","ast-hfb-below-header-display":"","ast-hfb-mobile-header-display":"","site-post-title":"disabled","ast-breadcrumbs-content":"","ast-featured-img":"","footer-sml-layout":"","ast-disable-related-posts":"","theme-transparent-header-meta":"","adv-header-id-meta":"","stick-header-meta":"","header-above-stick-meta":"","header-main-stick-meta":"","header-below-stick-meta":"","astra-migrate-meta-layouts":"set","ast-page-background-enabled":"default","ast-page-background-meta":{"desktop":{"background-color":"var(--ast-global-color-4)","background-image":"","background-repeat":"repeat","background-position":"center center","background-size":"auto","background-attachment":"scroll","background-type":"","background-media":"","overlay-type":"","overlay-color":"","overlay-opacity":"","overlay-gradient":""},"tablet":{"background-color":"","background-image":"","background-repeat":"repeat","background-position":"center center","background-size":"auto","background-attachment":"scroll","background-type":"","background-media":"","overlay-type":"","overlay-color":"","overlay-opacity":"","overlay-gradient":""},"mobile":{"background-color":"","background-image":"","background-repeat":"repeat","background-position":"center center","background-size":"auto","background-attachment":"scroll","background-type":"","background-media":"","overlay-type":"","overlay-color":"","overlay-opacity":"","overlay-gradient":""}},"ast-content-background-meta":{"desktop":{"background-color":"var(--ast-global-color-5)","background-image":"","background-repeat":"repeat","background-position":"center center","background-size":"auto","background-attachment":"scroll","background-type":"","background-media":"","overlay-type":"","overlay-color":"","overlay-opacity":"","overlay-gradient":""},"tablet":{"background-color":"var(--ast-global-color-5)","background-image":"","background-repeat":"repeat","background-position":"center center","background-size":"auto","background-attachment":"scroll","background-type":"","background-media":"","overlay-type":"","overlay-color":"","overlay-opacity":"","overlay-gradient":""},"mobile":{"background-color":"var(--ast-global-color-5)","background-image":"","background-repeat":"repeat","background-position":"center center","background-size":"auto","background-attachment":"scroll","background-type":"","background-media":"","overlay-type":"","overlay-color":"","overlay-opacity":"","overlay-gradient":""}},"footnotes":""},"class_list":["post-1114","page","type-page","status-publish","hentry"],"aioseo_notices":[],"_links":{"self":[{"href":"https:\/\/aracnidatextil.com\/index.php?rest_route=\/wp\/v2\/pages\/1114","targetHints":{"allow":["GET"]}}],"collection":[{"href":"https:\/\/aracnidatextil.com\/index.php?rest_route=\/wp\/v2\/pages"}],"about":[{"href":"https:\/\/aracnidatextil.com\/index.php?rest_route=\/wp\/v2\/types\/page"}],"author":[{"embeddable":true,"href":"https:\/\/aracnidatextil.com\/index.php?rest_route=\/wp\/v2\/users\/1"}],"replies":[{"embeddable":true,"href":"https:\/\/aracnidatextil.com\/index.php?rest_route=%2Fwp%2Fv2%2Fcomments&post=1114"}],"version-history":[{"count":15,"href":"https:\/\/aracnidatextil.com\/index.php?rest_route=\/wp\/v2\/pages\/1114\/revisions"}],"predecessor-version":[{"id":1223,"href":"https:\/\/aracnidatextil.com\/index.php?rest_route=\/wp\/v2\/pages\/1114\/revisions\/1223"}],"wp:attachment":[{"href":"https:\/\/aracnidatextil.com\/index.php?rest_route=%2Fwp%2Fv2%2Fmedia&parent=1114"}],"curies":[{"name":"wp","href":"https:\/\/api.w.org\/{rel}","templated":true}]}}

<div class="wp-block-group is-layout-constrained wp-container-core-group-is-layout-8a400663 wp-block-group-is-layout-constrained">
<p class="has-text-align-center">La historia que tengo con el tejido se generó desde muy temprana edad, cuando pude comprender que un conjunto de hilos se entrelaza para formas estructuras maravillosas y que la creación estaba ligada a mis manos y mi mente, así comenzó un camino, un hilo invisible que, sin darme cuenta, me llevaría a crear Arácnida, proyecto que me ha permitido compartir mi pasión por los textiles andinos con muchísimos alumnos e investigadores.</p>



<div class="wp-block-group linea-tiempo is-content-justification-center is-layout-constrained wp-block-group-is-layout-constrained" style="margin-top:5rem;margin-bottom:5rem">
<div class="wp-block-group momento is-layout-constrained wp-block-group-is-layout-constrained">
<h3 class="wp-block-heading">2003</h3>



<figure class="wp-block-image size-large"><img loading="lazy" decoding="async" width="768" height="1024" src="https://aracnidatextil.com/wp-content/uploads/2025/01/IMG_5837-768x1024.jpg" alt="" class="wp-image-956" srcset="https://aracnidatextil.com/wp-content/uploads/2025/01/IMG_5837-768x1024.jpg 768w, https://aracnidatextil.com/wp-content/uploads/2025/01/IMG_5837-225x300.jpg 225w, https://aracnidatextil.com/wp-content/uploads/2025/01/IMG_5837-1152x1536.jpg 1152w, https://aracnidatextil.com/wp-content/uploads/2025/01/IMG_5837-1536x2048.jpg 1536w, https://aracnidatextil.com/wp-content/uploads/2025/01/IMG_5837-600x800.jpg 600w, https://aracnidatextil.com/wp-content/uploads/2025/01/IMG_5837-scaled.jpg 1920w" sizes="auto, (max-width: 768px) 100vw, 768px" /></figure>



<div class="wp-block-group descripcion is-layout-constrained wp-block-group-is-layout-constrained">
<p>Cuando tenía 12 años me fui a vivir con mi abuelita al distrito del Rímac (Lima). Todos los días los chicos salíamos a jugar en la cuadra y fue ahí donde aprendí a tejer pulseras en macramé, técnica de nudos que se volvió popular en el barrio. Una chica mayor que nosotros, nos enseñó los puntos más básicos, pero en una enorme curiosidad y ganas de seguir tejiendo, armaba y desarmaba pulseras para descubrir el misterio que guardaban. Por varios años estuve experimentado hasta que un día logré comprender conscientemente la estructura del nudo y el movimiento de los hilos que daban sentido a un sinfín de posibilidades, fue en ese instante donde inocentemente me sentí feliz. La sensibilidad que me aportó la comprensión en el hacer y en lo más profundo de la creación, me dieron las bases para tejer múltiples técnicas textiles y apreciar todo tipo de tejidos.</p>
</div>
</div>



<div class="wp-block-group momento is-layout-constrained wp-block-group-is-layout-constrained">
<h3 class="wp-block-heading">Por muchos años seguí tejiendo en macramé,</h3>



<div class="wp-block-group descripcion is-layout-constrained wp-block-group-is-layout-constrained">
<p> descubriendo muchas formas y diseños, pero este oficio no sería una opción a dedicarse, así que con mucho esfuerzo postulé a San Marcos y a los 20 años comencé a estudiar Historia del Arte, en los primeros ciclos de la carrera llevé el curso de “Arte del Perú Antiguo”, donde la profesora Patricia Victorio presentaba imagen tras imagen de una excelente tradición textil, que antes no había podido apreciar de esa manera. Tengo el vivo recuerdo de la impresión y las ganas de aprender a tejer lo que esos hombres y mujeres habían tejido hace miles de años atrás.</p>
</div>
</div>



<div class="wp-block-group momento is-layout-constrained wp-block-group-is-layout-constrained">
<h3 class="wp-block-heading">Motivada por este encuentro, emprendí mi búsqueda hacia quienes serían mis maestros, y no saben lo difícil que fue encontrar información en mi pequeño entorno alejado de esos temas.</h3>



<div class="wp-block-group descripcion is-layout-constrained wp-block-group-is-layout-constrained">
<p>Mi primer maestro en estás artes tradicionales fue Salomé Rojas, él dictaba el taller de telar de cintura en el Museo de la Cultura Peruana, todo un reto que me fascino porque desde que era niña no asimilé que había distintas estructuras y formas de tejer más allá de los nudos; esta fue la puerta a los tejidos tradicionales que me mostró un universo que quería seguir recorriendo. Luego vinieron los talleres con el maestro Andrés Yntusca, gran artesano y docente que en el Museo de Arqueología y Antropología de San Marcos, enseñaba de manera muy didáctica a realizar réplica de textiles del antiguo Perú, una labor invaluable y comprometida de la cual surgió una comunidad de tejedoras hasta hoy vigente. </p>
</div>
</div>



<div class="wp-block-group momento is-layout-constrained wp-block-group-is-layout-constrained">
<h3 class="wp-block-heading">Algunos Años más tarde</h3>



<div class="wp-block-group descripcion is-layout-constrained wp-block-group-is-layout-constrained">
<p>como parte de la carrera llevé un curso electivo sobre Arte textil peruano, con la profesora Sara Acevedo, una oportunidad que completaba mi comprensión del enorme y valioso legado textil del Perú, gracias a este curso realicé una investigación en el pueblo de Sarhua – Ayacucho, ahí puede comprender que nuestra tradición textil aún seguía viva. Este viaje fue un descubrimiento, porque siendo de Lima, nieta de migrantes (Ayacucho y Cajamarca), conviví muy de cerca con el desarraigo que generó la discriminación en mi país. Todas las tradiciones que pudieron formar parte de mis vivencias simplemente se borraron en la enorme ciudad y es así como muchos desconocemos que nuestras tradiciones siguen presentes en pueblos que resistieron y conservaron este legado. </p>
</div>
</div>



<div class="wp-block-group momento is-layout-constrained wp-block-group-is-layout-constrained">
<h3 class="wp-block-heading">En pandemia</h3>



<div class="wp-block-group descripcion is-layout-constrained wp-block-group-is-layout-constrained">
<p>conocí a Gracilino Achalma, ayacuchano residente en Lima que se dedica a la venta de ceviche en el mercado que está cerca a mi casa. Todos los días le compraba y fue ahí donde surgieron las conversaciones, me comentó que su esposa, su madre y él tejían, que sus hijos ya no, porque estaban dedicados a otras labores en la ciudad. Gracilino me mostró sus cordones, ya no recordaba muy bien como hacerlos y yo estaba justo aprendiendo, así que me comenzó a enseñar y recordar; tejía super rápido, como quien tiene el oficio aprendido desde la infancia, con la comprensión en la mente y en el cuerpo; hice muchos esfuerzos en seguirlo y entender lo que me estaba entregando. De esta forma aprendí a tejer variados tipos de cordones que fueron la base para seguir el camino del trenzado. </p>
</div>
</div>



<div class="wp-block-group momento is-layout-constrained wp-block-group-is-layout-constrained">
<h3 class="wp-block-heading">Tejiendo cordonería me vinculé con temas de cosmovisión andina y pude asociarlo a mis prácticas,</h3>



<div class="wp-block-group descripcion is-layout-constrained wp-block-group-is-layout-constrained">
<p>pues encontré una relación estrecha entre el tejido y esta forma de entender la vida. <br>Me di cuenta de que muchos de los conceptos que aprendí se materializaban cuando tejía, por ejemplo, la unión de los opuestos complementarios como las tramas y las urdimbres que al tejerse dan vida a la pieza, también la ciclicidad que es transitar constantemente en el hacer cuando tejemos. Y tejer, me ha ayudado a no solo interpretar imágenes y colores, sino a ver en profundidad los movimientos corporales asociados a la mente y el desarrollo cognitivo que se genera con la acción de formar estructuras textiles enlazadas a una manera de ver la vida y el cosmos. </p>
</div>
</div>



<div class="wp-block-group momento is-layout-constrained wp-block-group-is-layout-constrained">
<h3 class="wp-block-heading">Con el pasar de los años tuve certeza de que el hacer textil y la investigación serían parte de mi vida,</h3>



<div class="wp-block-group descripcion is-layout-constrained wp-block-group-is-layout-constrained">
<p>estaba dispuesta a vivir de lo que amaba, con el miedo de habitar una sociedad que aún no entiende la importancia de su cultura y tradición. Ni mi familia entendía del todo mi pasión por los textiles y el mundo andino, sin embargo, seguí luchando por el ese sueño que hoy me sostiene. </p>
</div>
</div>



<div class="wp-block-group momento is-layout-constrained wp-block-group-is-layout-constrained">
<h3 class="wp-block-heading">Como parte de este recorrido, comencé a dictar talleres desde el 2012,</h3>



<div class="wp-block-group descripcion is-layout-constrained wp-block-group-is-layout-constrained">
<p>porque quería que todo el que quisiera adentrarse en este mundo del tejido y la cosmovisión andina, tuviera la oportunidad de encontrar un lugar amoroso y comprometido. Fue ahí donde descubrí que enseñar me seguía enseñando porque para compartir tenía que comprender mucho más de lo que ya había aprendido. A partir de eso en el 2019 creé Arácnida, mi arañita que genera redes impensables para aquella niña que comenzó entendiendo un nudo sin saber que el tejido de la vida le tenía preparado este camino. </p>
</div>
</div>
</div>



<div class="wp-block-group is-layout-constrained wp-block-group-is-layout-constrained">
<h4 class="wp-block-heading has-text-align-center">Gracias por leerme</h4>



<p class="has-text-align-center">si quieres seguir mi trabajo te invito a visitar mis cuentas de Instagram y Facebook donde publico los proyectos que realizo continuamente y mi canal YouTube, medio que me sirve para compartir clases y tutoriales sobre textiles.  </p>
</div>
</div>

<p>La historia que tengo con el tejido se generó desde muy temprana edad, cuando pude comprender que un conjunto de hilos se entrelaza para formas estructuras maravillosas y que la creación estaba ligada a mis manos y mi mente, así comenzó un camino, un hilo invisible que, sin darme cuenta, me llevaría a crear Arácnida, [&hellip;]</p>
