{"id":14,"date":"2022-10-15T02:12:16","date_gmt":"2022-10-15T02:12:16","guid":{"rendered":"http:\/\/aracnidatextil.com\/?page_id=14"},"modified":"2025-08-30T02:11:53","modified_gmt":"2025-08-30T02:11:53","slug":"talleres","status":"publish","type":"page","link":"https:\/\/aracnidatextil.com\/?page_id=14","title":{"rendered":"ESCUELA TEXTIL"},"content":{"rendered":"\n<h1 class=\"wp-block-heading has-text-align-center\">Escuela Textil<\/h1>\n\n\n\n<hr class=\"wp-block-separator has-alpha-channel-opacity\"\/>\n\n\n\n<div class=\"wp-block-group is-layout-constrained wp-block-group-is-layout-constrained\">\n<figure class=\"wp-block-image aligncenter size-large is-resized\"><img loading=\"lazy\" decoding=\"async\" width=\"1024\" height=\"267\" src=\"https:\/\/aracnidatextil.com\/wp-content\/uploads\/2025\/06\/pw2-1024x267.png\" alt=\"\" class=\"wp-image-1638\" style=\"width:798px;height:auto\" srcset=\"https:\/\/aracnidatextil.com\/wp-content\/uploads\/2025\/06\/pw2-1024x267.png 1024w, https:\/\/aracnidatextil.com\/wp-content\/uploads\/2025\/06\/pw2-300x78.png 300w, https:\/\/aracnidatextil.com\/wp-content\/uploads\/2025\/06\/pw2-768x200.png 768w, https:\/\/aracnidatextil.com\/wp-content\/uploads\/2025\/06\/pw2-1536x400.png 1536w, https:\/\/aracnidatextil.com\/wp-content\/uploads\/2025\/06\/pw2-2048x534.png 2048w\" sizes=\"auto, (max-width: 1024px) 100vw, 1024px\" \/><\/figure>\n\n\n\n<h6 class=\"wp-block-heading has-text-align-center\"><mark style=\"background-color:var(--ast-global-color-5)\" class=\"has-inline-color has-ast-global-color-0-color\"><em>PR\u00d3XIMOS CURSOS Y TALLERES<\/em><\/mark><\/h6>\n\n\n\n<figure class=\"wp-block-table is-style-stripes\"><table><tbody><tr><td class=\"has-text-align-left\" data-align=\"left\"><strong>CURSO O TALLER<\/strong><\/td><td class=\"has-text-align-left\" data-align=\"left\"><strong>FECHA DE INICIO<\/strong><\/td><td class=\"has-text-align-left\" data-align=\"left\"><strong>MODALIDAD<\/strong><\/td><\/tr><tr><td class=\"has-text-align-left\" data-align=\"left\">CORDONERIA ANDINA 3 NIVELES <\/td><td class=\"has-text-align-left\" data-align=\"left\">23 de abril<\/td><td class=\"has-text-align-left\" data-align=\"left\">Virtual<\/td><\/tr><tr><td class=\"has-text-align-left\" data-align=\"left\">WARAK&#8217;A PREHISP\u00c1NICA<\/td><td class=\"has-text-align-left\" data-align=\"left\">13 de agosto<\/td><td class=\"has-text-align-left\" data-align=\"left\">Presencial<\/td><\/tr><tr><td class=\"has-text-align-left\" data-align=\"left\">WARAK&#8217;A ANDINA<\/td><td class=\"has-text-align-left\" data-align=\"left\">19 de noviembre<\/td><td class=\"has-text-align-left\" data-align=\"left\">Virtual<\/td><\/tr><tr><td class=\"has-text-align-left\" data-align=\"left\">TRENZAS PLANAS<\/td><td class=\"has-text-align-left\" data-align=\"left\">No definido<\/td><td class=\"has-text-align-left\" data-align=\"left\">Virtual<\/td><\/tr><\/tbody><\/table><\/figure>\n\n\n\n<p class=\"has-text-align-center\"><\/p>\n<\/div>\n\n\n\n<div class=\"wp-block-group caja-texto-inicio is-vertical is-layout-flex wp-container-core-group-is-layout-fe9cc265 wp-block-group-is-layout-flex\">\n<div class=\"wp-block-media-text is-stacked-on-mobile caja-taller\"><figure class=\"wp-block-media-text__media\"><img loading=\"lazy\" decoding=\"async\" width=\"957\" height=\"998\" src=\"https:\/\/aracnidatextil.com\/wp-content\/uploads\/2025\/06\/Tapiz-pw.png\" alt=\"\" class=\"wp-image-1612 size-full\" srcset=\"https:\/\/aracnidatextil.com\/wp-content\/uploads\/2025\/06\/Tapiz-pw.png 957w, https:\/\/aracnidatextil.com\/wp-content\/uploads\/2025\/06\/Tapiz-pw-288x300.png 288w, https:\/\/aracnidatextil.com\/wp-content\/uploads\/2025\/06\/Tapiz-pw-768x801.png 768w\" sizes=\"auto, (max-width: 957px) 100vw, 957px\" \/><\/figure><div class=\"wp-block-media-text__content\">\n<h3 class=\"wp-block-heading\"><strong>TALLERES DE T\u00c9CNICAS y estructuras TEXTILES <\/strong><\/h3>\n\n\n\n<h6 class=\"wp-block-heading\">clases: grupales y personalizadas <\/h6>\n\n\n\n<p>Estos cursos est\u00e1n conformados por diversos talleres que ense\u00f1an sobre la estructura y t\u00e9cnica textil.<\/p>\n\n\n\n<div class=\"wp-block-buttons is-content-justification-left is-layout-flex wp-container-core-buttons-is-layout-fc4fd283 wp-block-buttons-is-layout-flex\">\n<div class=\"wp-block-button\"><a class=\"wp-block-button__link wp-element-button\" href=\"https:\/\/aracnidatextil.com\/?page_id=436\" target=\"_blank\" rel=\"noreferrer noopener\">ver m\u00e1s<\/a><\/div>\n<\/div>\n<\/div><\/div>\n\n\n\n<div class=\"wp-block-media-text alignwide has-media-on-the-right is-stacked-on-mobile caja-taller\"><div class=\"wp-block-media-text__content\">\n<h3 class=\"wp-block-heading has-text-align-right\"><strong><strong>TALLERES DE PIEZAS TEXTILES <\/strong><\/strong><\/h3>\n\n\n\n<h6 class=\"wp-block-heading has-text-align-right\">clases: grupales y personalizadas <\/h6>\n\n\n\n<p class=\"has-text-align-right\">Sigue conociendo el mundo del trenzado tubular, ahora con nuevos dise\u00f1os para seguir creando. Recuerda que est\u00e9 taller es con un manejo en trenzado en forma de cruz.<\/p>\n\n\n\n<div class=\"wp-block-buttons is-content-justification-right is-layout-flex wp-container-core-buttons-is-layout-d445cf74 wp-block-buttons-is-layout-flex\">\n<div class=\"wp-block-button\"><a class=\"wp-block-button__link wp-element-button\" href=\"https:\/\/aracnidatextil.com\/?page_id=348\">ver m\u00e1s<\/a><\/div>\n<\/div>\n<\/div><figure class=\"wp-block-media-text__media\"><img loading=\"lazy\" decoding=\"async\" width=\"957\" height=\"998\" src=\"https:\/\/aracnidatextil.com\/wp-content\/uploads\/2025\/06\/waraka-PW.png\" alt=\"\" class=\"wp-image-1614 size-full\" srcset=\"https:\/\/aracnidatextil.com\/wp-content\/uploads\/2025\/06\/waraka-PW.png 957w, https:\/\/aracnidatextil.com\/wp-content\/uploads\/2025\/06\/waraka-PW-288x300.png 288w, https:\/\/aracnidatextil.com\/wp-content\/uploads\/2025\/06\/waraka-PW-768x801.png 768w\" sizes=\"auto, (max-width: 957px) 100vw, 957px\" \/><\/figure><\/div>\n\n\n\n<div class=\"wp-block-media-text alignwide is-stacked-on-mobile caja-taller\"><figure class=\"wp-block-media-text__media\"><img loading=\"lazy\" decoding=\"async\" width=\"957\" height=\"998\" src=\"https:\/\/aracnidatextil.com\/wp-content\/uploads\/2025\/06\/Clase-pg-web.png\" alt=\"\" class=\"wp-image-1615 size-full\" srcset=\"https:\/\/aracnidatextil.com\/wp-content\/uploads\/2025\/06\/Clase-pg-web.png 957w, https:\/\/aracnidatextil.com\/wp-content\/uploads\/2025\/06\/Clase-pg-web-288x300.png 288w, https:\/\/aracnidatextil.com\/wp-content\/uploads\/2025\/06\/Clase-pg-web-768x801.png 768w\" sizes=\"auto, (max-width: 957px) 100vw, 957px\" \/><\/figure><div class=\"wp-block-media-text__content\">\n<h3 class=\"wp-block-heading\"><strong>cursos y seminarios te\u00f3ricos de textiles peruanos <\/strong><\/h3>\n\n\n\n<h6 class=\"wp-block-heading\"><a href=\"clases: grupales y personalizadas\">clases: grupales y personalizadas <\/a><\/h6>\n\n\n\n<p>Continuando con el aprendizaje en el trenzado andino, implementaremos cordones con cambios de color, formando nuevas estructuras en el textil.<\/p>\n\n\n\n<div class=\"wp-block-buttons is-layout-flex wp-block-buttons-is-layout-flex\">\n<div class=\"wp-block-button\"><a class=\"wp-block-button__link wp-element-button\" href=\"https:\/\/aracnidatextil.com\/?page_id=351\">ver m\u00e1s<\/a><\/div>\n<\/div>\n<\/div><\/div>\n<\/div>\n\n\n\n<h6 class=\"wp-block-heading has-text-align-center\"><strong>algunos comentarios de mis alumnas<\/strong><\/h6>\n\n\n\n<hr class=\"wp-block-separator has-alpha-channel-opacity is-style-default\"\/>\n\n\n\n<figure class=\"wp-block-gallery has-nested-images columns-default is-cropped wp-block-gallery-2 is-layout-flex wp-block-gallery-is-layout-flex\">\n<figure class=\"wp-block-image size-large\"><img loading=\"lazy\" decoding=\"async\" width=\"600\" height=\"800\" data-id=\"1667\" src=\"https:\/\/aracnidatextil.com\/wp-content\/uploads\/2025\/06\/2.png\" alt=\"\" class=\"wp-image-1667\" srcset=\"https:\/\/aracnidatextil.com\/wp-content\/uploads\/2025\/06\/2.png 600w, https:\/\/aracnidatextil.com\/wp-content\/uploads\/2025\/06\/2-225x300.png 225w\" sizes=\"auto, (max-width: 600px) 100vw, 600px\" \/><\/figure>\n\n\n\n<figure class=\"wp-block-image size-full\"><img loading=\"lazy\" decoding=\"async\" width=\"600\" height=\"800\" data-id=\"1669\" src=\"https:\/\/aracnidatextil.com\/wp-content\/uploads\/2025\/06\/5.png\" alt=\"\" class=\"wp-image-1669\" srcset=\"https:\/\/aracnidatextil.com\/wp-content\/uploads\/2025\/06\/5.png 600w, https:\/\/aracnidatextil.com\/wp-content\/uploads\/2025\/06\/5-225x300.png 225w\" sizes=\"auto, (max-width: 600px) 100vw, 600px\" \/><\/figure>\n\n\n\n<figure class=\"wp-block-image size-large\"><img loading=\"lazy\" decoding=\"async\" width=\"600\" height=\"800\" data-id=\"1666\" src=\"https:\/\/aracnidatextil.com\/wp-content\/uploads\/2025\/06\/3.png\" alt=\"\" class=\"wp-image-1666\" srcset=\"https:\/\/aracnidatextil.com\/wp-content\/uploads\/2025\/06\/3.png 600w, https:\/\/aracnidatextil.com\/wp-content\/uploads\/2025\/06\/3-225x300.png 225w\" sizes=\"auto, (max-width: 600px) 100vw, 600px\" \/><\/figure>\n<\/figure>\n","protected":false},"excerpt":{"rendered":"<p>Escuela Textil PR\u00d3XIMOS CURSOS Y TALLERES CURSO O TALLER FECHA DE INICIO MODALIDAD CORDONERIA ANDINA 3 NIVELES 23 de abril Virtual WARAK&#8217;A PREHISP\u00c1NICA 13 de agosto Presencial WARAK&#8217;A ANDINA 19 de noviembre Virtual TRENZAS PLANAS No definido Virtual TALLERES DE T\u00c9CNICAS y estructuras TEXTILES clases: grupales y personalizadas Estos cursos est\u00e1n conformados por diversos talleres [&hellip;]<\/p>\n","protected":false},"author":1,"featured_media":0,"parent":0,"menu_order":0,"comment_status":"closed","ping_status":"closed","template":"","meta":{"site-sidebar-layout":"default","site-content-layout":"default","ast-site-content-layout":"default","site-content-style":"default","site-sidebar-style":"default","ast-global-header-display":"","ast-banner-title-visibility":"","ast-main-header-display":"","ast-hfb-above-header-display":"disabled","ast-hfb-below-header-display":"","ast-hfb-mobile-header-display":"","site-post-title":"disabled","ast-breadcrumbs-content":"","ast-featured-img":"","footer-sml-layout":"","ast-disable-related-posts":"","theme-transparent-header-meta":"","adv-header-id-meta":"","stick-header-meta":"","header-above-stick-meta":"","header-main-stick-meta":"","header-below-stick-meta":"","astra-migrate-meta-layouts":"set","ast-page-background-enabled":"default","ast-page-background-meta":{"desktop":{"background-color":"var(--ast-global-color-4)","background-image":"","background-repeat":"repeat","background-position":"center center","background-size":"auto","background-attachment":"scroll","background-type":"","background-media":"","overlay-type":"","overlay-color":"","overlay-opacity":"","overlay-gradient":""},"tablet":{"background-color":"","background-image":"","background-repeat":"repeat","background-position":"center center","background-size":"auto","background-attachment":"scroll","background-type":"","background-media":"","overlay-type":"","overlay-color":"","overlay-opacity":"","overlay-gradient":""},"mobile":{"background-color":"","background-image":"","background-repeat":"repeat","background-position":"center center","background-size":"auto","background-attachment":"scroll","background-type":"","background-media":"","overlay-type":"","overlay-color":"","overlay-opacity":"","overlay-gradient":""}},"ast-content-background-meta":{"desktop":{"background-color":"var(--ast-global-color-5)","background-image":"","background-repeat":"repeat","background-position":"center center","background-size":"auto","background-attachment":"scroll","background-type":"","background-media":"","overlay-type":"","overlay-color":"","overlay-opacity":"","overlay-gradient":""},"tablet":{"background-color":"var(--ast-global-color-5)","background-image":"","background-repeat":"repeat","background-position":"center center","background-size":"auto","background-attachment":"scroll","background-type":"","background-media":"","overlay-type":"","overlay-color":"","overlay-opacity":"","overlay-gradient":""},"mobile":{"background-color":"var(--ast-global-color-5)","background-image":"","background-repeat":"repeat","background-position":"center center","background-size":"auto","background-attachment":"scroll","background-type":"","background-media":"","overlay-type":"","overlay-color":"","overlay-opacity":"","overlay-gradient":""}},"footnotes":""},"class_list":["post-14","page","type-page","status-publish","hentry"],"aioseo_notices":[],"_links":{"self":[{"href":"https:\/\/aracnidatextil.com\/index.php?rest_route=\/wp\/v2\/pages\/14","targetHints":{"allow":["GET"]}}],"collection":[{"href":"https:\/\/aracnidatextil.com\/index.php?rest_route=\/wp\/v2\/pages"}],"about":[{"href":"https:\/\/aracnidatextil.com\/index.php?rest_route=\/wp\/v2\/types\/page"}],"author":[{"embeddable":true,"href":"https:\/\/aracnidatextil.com\/index.php?rest_route=\/wp\/v2\/users\/1"}],"replies":[{"embeddable":true,"href":"https:\/\/aracnidatextil.com\/index.php?rest_route=%2Fwp%2Fv2%2Fcomments&post=14"}],"version-history":[{"count":69,"href":"https:\/\/aracnidatextil.com\/index.php?rest_route=\/wp\/v2\/pages\/14\/revisions"}],"predecessor-version":[{"id":2441,"href":"https:\/\/aracnidatextil.com\/index.php?rest_route=\/wp\/v2\/pages\/14\/revisions\/2441"}],"wp:attachment":[{"href":"https:\/\/aracnidatextil.com\/index.php?rest_route=%2Fwp%2Fv2%2Fmedia&parent=14"}],"curies":[{"name":"wp","href":"https:\/\/api.w.org\/{rel}","templated":true}]}}

<h1 class="wp-block-heading has-text-align-center">Escuela Textil</h1>



<hr class="wp-block-separator has-alpha-channel-opacity"/>



<div class="wp-block-group is-layout-constrained wp-block-group-is-layout-constrained">
<figure class="wp-block-image aligncenter size-large is-resized"><img loading="lazy" decoding="async" width="1024" height="267" src="https://aracnidatextil.com/wp-content/uploads/2025/06/pw2-1024x267.png" alt="" class="wp-image-1638" style="width:798px;height:auto" srcset="https://aracnidatextil.com/wp-content/uploads/2025/06/pw2-1024x267.png 1024w, https://aracnidatextil.com/wp-content/uploads/2025/06/pw2-300x78.png 300w, https://aracnidatextil.com/wp-content/uploads/2025/06/pw2-768x200.png 768w, https://aracnidatextil.com/wp-content/uploads/2025/06/pw2-1536x400.png 1536w, https://aracnidatextil.com/wp-content/uploads/2025/06/pw2-2048x534.png 2048w" sizes="auto, (max-width: 1024px) 100vw, 1024px" /></figure>



<h6 class="wp-block-heading has-text-align-center"><mark style="background-color:var(--ast-global-color-5)" class="has-inline-color has-ast-global-color-0-color"><em>PRÓXIMOS CURSOS Y TALLERES</em></mark></h6>



<figure class="wp-block-table is-style-stripes"><table><tbody><tr><td class="has-text-align-left" data-align="left"><strong>CURSO O TALLER</strong></td><td class="has-text-align-left" data-align="left"><strong>FECHA DE INICIO</strong></td><td class="has-text-align-left" data-align="left"><strong>MODALIDAD</strong></td></tr><tr><td class="has-text-align-left" data-align="left">CORDONERIA ANDINA 3 NIVELES </td><td class="has-text-align-left" data-align="left">23 de abril</td><td class="has-text-align-left" data-align="left">Virtual</td></tr><tr><td class="has-text-align-left" data-align="left">WARAK&#8217;A PREHISPÁNICA</td><td class="has-text-align-left" data-align="left">13 de agosto</td><td class="has-text-align-left" data-align="left">Presencial</td></tr><tr><td class="has-text-align-left" data-align="left">WARAK&#8217;A ANDINA</td><td class="has-text-align-left" data-align="left">19 de noviembre</td><td class="has-text-align-left" data-align="left">Virtual</td></tr><tr><td class="has-text-align-left" data-align="left">TRENZAS PLANAS</td><td class="has-text-align-left" data-align="left">No definido</td><td class="has-text-align-left" data-align="left">Virtual</td></tr></tbody></table></figure>



<p class="has-text-align-center"></p>
</div>



<div class="wp-block-group caja-texto-inicio is-vertical is-layout-flex wp-container-core-group-is-layout-fe9cc265 wp-block-group-is-layout-flex">
<div class="wp-block-media-text is-stacked-on-mobile caja-taller"><figure class="wp-block-media-text__media"><img loading="lazy" decoding="async" width="957" height="998" src="https://aracnidatextil.com/wp-content/uploads/2025/06/Tapiz-pw.png" alt="" class="wp-image-1612 size-full" srcset="https://aracnidatextil.com/wp-content/uploads/2025/06/Tapiz-pw.png 957w, https://aracnidatextil.com/wp-content/uploads/2025/06/Tapiz-pw-288x300.png 288w, https://aracnidatextil.com/wp-content/uploads/2025/06/Tapiz-pw-768x801.png 768w" sizes="auto, (max-width: 957px) 100vw, 957px" /></figure><div class="wp-block-media-text__content">
<h3 class="wp-block-heading"><strong>TALLERES DE TÉCNICAS y estructuras TEXTILES </strong></h3>



<h6 class="wp-block-heading">clases: grupales y personalizadas </h6>



<p>Estos cursos están conformados por diversos talleres que enseñan sobre la estructura y técnica textil.</p>



<div class="wp-block-buttons is-content-justification-left is-layout-flex wp-container-core-buttons-is-layout-fc4fd283 wp-block-buttons-is-layout-flex">
<div class="wp-block-button"><a class="wp-block-button__link wp-element-button" href="https://aracnidatextil.com/?page_id=436" target="_blank" rel="noreferrer noopener">ver más</a></div>
</div>
</div></div>



<div class="wp-block-media-text alignwide has-media-on-the-right is-stacked-on-mobile caja-taller"><div class="wp-block-media-text__content">
<h3 class="wp-block-heading has-text-align-right"><strong><strong>TALLERES DE PIEZAS TEXTILES </strong></strong></h3>



<h6 class="wp-block-heading has-text-align-right">clases: grupales y personalizadas </h6>



<p class="has-text-align-right">Sigue conociendo el mundo del trenzado tubular, ahora con nuevos diseños para seguir creando. Recuerda que esté taller es con un manejo en trenzado en forma de cruz.</p>



<div class="wp-block-buttons is-content-justification-right is-layout-flex wp-container-core-buttons-is-layout-d445cf74 wp-block-buttons-is-layout-flex">
<div class="wp-block-button"><a class="wp-block-button__link wp-element-button" href="https://aracnidatextil.com/?page_id=348">ver más</a></div>
</div>
</div><figure class="wp-block-media-text__media"><img loading="lazy" decoding="async" width="957" height="998" src="https://aracnidatextil.com/wp-content/uploads/2025/06/waraka-PW.png" alt="" class="wp-image-1614 size-full" srcset="https://aracnidatextil.com/wp-content/uploads/2025/06/waraka-PW.png 957w, https://aracnidatextil.com/wp-content/uploads/2025/06/waraka-PW-288x300.png 288w, https://aracnidatextil.com/wp-content/uploads/2025/06/waraka-PW-768x801.png 768w" sizes="auto, (max-width: 957px) 100vw, 957px" /></figure></div>



<div class="wp-block-media-text alignwide is-stacked-on-mobile caja-taller"><figure class="wp-block-media-text__media"><img loading="lazy" decoding="async" width="957" height="998" src="https://aracnidatextil.com/wp-content/uploads/2025/06/Clase-pg-web.png" alt="" class="wp-image-1615 size-full" srcset="https://aracnidatextil.com/wp-content/uploads/2025/06/Clase-pg-web.png 957w, https://aracnidatextil.com/wp-content/uploads/2025/06/Clase-pg-web-288x300.png 288w, https://aracnidatextil.com/wp-content/uploads/2025/06/Clase-pg-web-768x801.png 768w" sizes="auto, (max-width: 957px) 100vw, 957px" /></figure><div class="wp-block-media-text__content">
<h3 class="wp-block-heading"><strong>cursos y seminarios teóricos de textiles peruanos </strong></h3>



<h6 class="wp-block-heading"><a href="clases: grupales y personalizadas">clases: grupales y personalizadas </a></h6>



<p>Continuando con el aprendizaje en el trenzado andino, implementaremos cordones con cambios de color, formando nuevas estructuras en el textil.</p>



<div class="wp-block-buttons is-layout-flex wp-block-buttons-is-layout-flex">
<div class="wp-block-button"><a class="wp-block-button__link wp-element-button" href="https://aracnidatextil.com/?page_id=351">ver más</a></div>
</div>
</div></div>
</div>



<h6 class="wp-block-heading has-text-align-center"><strong>algunos comentarios de mis alumnas</strong></h6>



<hr class="wp-block-separator has-alpha-channel-opacity is-style-default"/>



<figure class="wp-block-gallery has-nested-images columns-default is-cropped wp-block-gallery-2 is-layout-flex wp-block-gallery-is-layout-flex">
<figure class="wp-block-image size-large"><img loading="lazy" decoding="async" width="600" height="800" data-id="1667" src="https://aracnidatextil.com/wp-content/uploads/2025/06/2.png" alt="" class="wp-image-1667" srcset="https://aracnidatextil.com/wp-content/uploads/2025/06/2.png 600w, https://aracnidatextil.com/wp-content/uploads/2025/06/2-225x300.png 225w" sizes="auto, (max-width: 600px) 100vw, 600px" /></figure>



<figure class="wp-block-image size-full"><img loading="lazy" decoding="async" width="600" height="800" data-id="1669" src="https://aracnidatextil.com/wp-content/uploads/2025/06/5.png" alt="" class="wp-image-1669" srcset="https://aracnidatextil.com/wp-content/uploads/2025/06/5.png 600w, https://aracnidatextil.com/wp-content/uploads/2025/06/5-225x300.png 225w" sizes="auto, (max-width: 600px) 100vw, 600px" /></figure>



<figure class="wp-block-image size-large"><img loading="lazy" decoding="async" width="600" height="800" data-id="1666" src="https://aracnidatextil.com/wp-content/uploads/2025/06/3.png" alt="" class="wp-image-1666" srcset="https://aracnidatextil.com/wp-content/uploads/2025/06/3.png 600w, https://aracnidatextil.com/wp-content/uploads/2025/06/3-225x300.png 225w" sizes="auto, (max-width: 600px) 100vw, 600px" /></figure>
</figure>

<p>Escuela Textil PRÓXIMOS CURSOS Y TALLERES CURSO O TALLER FECHA DE INICIO MODALIDAD CORDONERIA ANDINA 3 NIVELES 23 de abril Virtual WARAK&#8217;A PREHISPÁNICA 13 de agosto Presencial WARAK&#8217;A ANDINA 19 de noviembre Virtual TRENZAS PLANAS No definido Virtual TALLERES DE TÉCNICAS y estructuras TEXTILES clases: grupales y personalizadas Estos cursos están conformados por diversos talleres [&hellip;]</p>
