{"id":1567,"date":"2025-05-22T16:36:21","date_gmt":"2025-05-22T16:36:21","guid":{"rendered":"https:\/\/aracnidatextil.com\/?page_id=1567"},"modified":"2025-08-13T18:04:00","modified_gmt":"2025-08-13T18:04:00","slug":"falda-quipu-2","status":"publish","type":"page","link":"https:\/\/aracnidatextil.com\/?page_id=1567","title":{"rendered":"Falda quipu"},"content":{"rendered":"\n<hr class=\"wp-block-separator has-text-color has-alpha-channel-opacity has-background is-style-wide\" style=\"background-color:#7e2828;color:#7e2828\"\/>\n\n\n\n<div class=\"alignnormal\"><div id=\"metaslider-id-1478\" style=\"width: 100%;\" class=\"ml-slider-3-108-0 metaslider metaslider-flex metaslider-1478 ml-slider has-dots-nav has-carousel-mode ms-theme-clarity\" role=\"region\" aria-label=\"FALDA QUIPU\" data-height=\"400\" data-width=\"300\">\n    <div id=\"metaslider_container_1478\">\n        <div id=\"metaslider_1478\">\n            <ul class='slides'>\n                <li style=\"display: none; width: 100%;\" class=\"slide-1479 ms-image \" aria-roledescription=\"slide\" data-date=\"2025-05-22 14:53:52\" data-filename=\"67868E6D-0F2F-418C-91CE-5C1CF4F1F0FF_Original-300x400.jpg\" data-slide-type=\"image\"><img loading=\"lazy\" decoding=\"async\" src=\"https:\/\/aracnidatextil.com\/wp-content\/uploads\/2025\/05\/67868E6D-0F2F-418C-91CE-5C1CF4F1F0FF_Original-300x400.jpg\" height=\"400\" width=\"300\" alt=\"\" class=\"slider-1478 slide-1479 msDefaultImage\" title=\"67868E6D-0F2F-418C-91CE-5C1CF4F1F0FF_Original\" \/><\/li>\n                <li style=\"display: none; width: 100%;\" class=\"slide-1480 ms-image \" aria-roledescription=\"slide\" data-date=\"2025-05-22 14:53:52\" data-filename=\"7-scaled-300x400.jpg\" data-slide-type=\"image\"><img loading=\"lazy\" decoding=\"async\" src=\"https:\/\/aracnidatextil.com\/wp-content\/uploads\/2025\/05\/7-scaled-300x400.jpg\" height=\"400\" width=\"300\" alt=\"\" class=\"slider-1478 slide-1480 msDefaultImage\" title=\"7\" \/><\/li>\n                <li style=\"display: none; width: 100%;\" class=\"slide-1481 ms-image \" aria-roledescription=\"slide\" data-date=\"2025-05-22 14:53:53\" data-filename=\"6-2-300x400.jpg\" data-slide-type=\"image\"><img loading=\"lazy\" decoding=\"async\" src=\"https:\/\/aracnidatextil.com\/wp-content\/uploads\/2025\/05\/6-2-300x400.jpg\" height=\"400\" width=\"300\" alt=\"\" class=\"slider-1478 slide-1481 msDefaultImage\" title=\"6\" \/><\/li>\n                <li style=\"display: none; width: 100%;\" class=\"slide-1482 ms-image \" aria-roledescription=\"slide\" data-date=\"2025-05-22 14:53:53\" data-filename=\"5-3-300x400.jpg\" data-slide-type=\"image\"><img loading=\"lazy\" decoding=\"async\" src=\"https:\/\/aracnidatextil.com\/wp-content\/uploads\/2025\/05\/5-3-300x400.jpg\" height=\"400\" width=\"300\" alt=\"\" class=\"slider-1478 slide-1482 msDefaultImage\" title=\"5\" \/><\/li>\n                <li style=\"display: none; width: 100%;\" class=\"slide-1483 ms-image \" aria-roledescription=\"slide\" data-date=\"2025-05-22 14:53:53\" data-filename=\"4-3-300x400.jpg\" data-slide-type=\"image\"><img loading=\"lazy\" decoding=\"async\" src=\"https:\/\/aracnidatextil.com\/wp-content\/uploads\/2025\/05\/4-3-300x400.jpg\" height=\"400\" width=\"300\" alt=\"\" class=\"slider-1478 slide-1483 msDefaultImage\" title=\"4\" \/><\/li>\n                <li style=\"display: none; width: 100%;\" class=\"slide-1484 ms-image \" aria-roledescription=\"slide\" data-date=\"2025-05-22 14:53:53\" data-filename=\"3-3-scaled-300x400.jpg\" data-slide-type=\"image\"><img loading=\"lazy\" decoding=\"async\" src=\"https:\/\/aracnidatextil.com\/wp-content\/uploads\/2025\/05\/3-3-scaled-300x400.jpg\" height=\"400\" width=\"300\" alt=\"\" class=\"slider-1478 slide-1484 msDefaultImage\" title=\"3\" \/><\/li>\n                <li style=\"display: none; width: 100%;\" class=\"slide-1485 ms-image \" aria-roledescription=\"slide\" data-date=\"2025-05-22 14:53:53\" data-filename=\"2-3-300x400.jpg\" data-slide-type=\"image\"><img loading=\"lazy\" decoding=\"async\" src=\"https:\/\/aracnidatextil.com\/wp-content\/uploads\/2025\/05\/2-3-300x400.jpg\" height=\"400\" width=\"300\" alt=\"\" class=\"slider-1478 slide-1485 msDefaultImage\" title=\"2\" \/><\/li>\n                <li style=\"display: none; width: 100%;\" class=\"slide-1486 ms-image \" aria-roledescription=\"slide\" data-date=\"2025-05-22 14:53:53\" data-filename=\"1-3-scaled-300x400.jpg\" data-slide-type=\"image\"><img loading=\"lazy\" decoding=\"async\" src=\"https:\/\/aracnidatextil.com\/wp-content\/uploads\/2025\/05\/1-3-scaled-300x400.jpg\" height=\"400\" width=\"300\" alt=\"\" class=\"slider-1478 slide-1486 msDefaultImage\" title=\"1\" \/><\/li>\n            <\/ul>\n        <\/div>\n        \n    <\/div>\n<\/div><\/div>\n\n\n\n<div class=\"wp-block-cover\"><span aria-hidden=\"true\" class=\"wp-block-cover__background has-ast-global-color-5-background-color has-background-dim-90 has-background-dim\"><\/span><div class=\"wp-block-cover__inner-container is-layout-constrained wp-block-cover-is-layout-constrained\">\n<div class=\"wp-block-cover\"><img loading=\"lazy\" decoding=\"async\" width=\"822\" height=\"1024\" class=\"wp-block-cover__image-background wp-image-1303 size-large\" alt=\"\" src=\"https:\/\/aracnidatextil.com\/wp-content\/uploads\/2025\/05\/2-3-822x1024.jpg\" data-object-fit=\"cover\" srcset=\"https:\/\/aracnidatextil.com\/wp-content\/uploads\/2025\/05\/2-3-822x1024.jpg 822w, https:\/\/aracnidatextil.com\/wp-content\/uploads\/2025\/05\/2-3-241x300.jpg 241w, https:\/\/aracnidatextil.com\/wp-content\/uploads\/2025\/05\/2-3-768x957.jpg 768w, https:\/\/aracnidatextil.com\/wp-content\/uploads\/2025\/05\/2-3-1233x1536.jpg 1233w, https:\/\/aracnidatextil.com\/wp-content\/uploads\/2025\/05\/2-3-600x748.jpg 600w, https:\/\/aracnidatextil.com\/wp-content\/uploads\/2025\/05\/2-3.jpg 1440w\" sizes=\"auto, (max-width: 822px) 100vw, 822px\" \/><span aria-hidden=\"true\" class=\"wp-block-cover__background has-ast-global-color-5-background-color has-background-dim-90 has-background-dim\"><\/span><div class=\"wp-block-cover__inner-container is-layout-constrained wp-block-cover-is-layout-constrained\">\n<div class=\"wp-block-group is-vertical is-layout-flex wp-container-core-group-is-layout-fe9cc265 wp-block-group-is-layout-flex\">\n<blockquote class=\"wp-block-quote is-style-plain is-layout-flow wp-block-quote-is-layout-flow\">\n<p><strong>Falda Quipu <\/strong><\/p>\n\n\n\n<p><strong>Descripci\u00f3n: <\/strong><br>La <em>Falda Quipu<\/em> es una pieza textil contempor\u00e1nea inspirada en el milenario sistema de registro andino conocido como <em>quipu<\/em>. Fue elaborada especialmente para la cantante Aracely Poma quien la ideo para que forme parte de su vestuario esc\u00e9nico.<\/p>\n\n\n\n<p>En esta creaci\u00f3n, las cuerdas que conforman la falda llevan anudadas fechas que evocan a mujeres importantes en la vida de la artista, convirtiendo la prenda en un tejido cargado de memoria y significado. El dise\u00f1o se complementa con un cintur\u00f3n tejido en la t\u00e9cnica de faz de urdimbre, que sostiene y enmarca la estructura de cuerdas.<\/p>\n\n\n\n<p>Esta obra fusiona la herencia t\u00e9cnica del textil andino con un lenguaje contempor\u00e1neo, demostrando c\u00f3mo la tradici\u00f3n puede resignificarse y cobrar nueva vida en el arte actual.<\/p>\n\n\n\n<ul class=\"wp-block-list\">\n<li>Nombre: Falda Quipu<\/li>\n\n\n\n<li>T\u00e9cnicas: Retorsi\u00f3n, nudos  y faz de urdimbre<\/li>\n\n\n\n<li>Fibra: Algod\u00f3n<\/li>\n\n\n\n<li>Medidas: 90 cm x 1.20 cm <\/li>\n\n\n\n<li>A\u00f1o: 2022<\/li>\n<\/ul>\n<\/blockquote>\n<\/div>\n<\/div><\/div>\n<\/div><\/div>\n\n\n\n<figure class=\"wp-block-gallery has-nested-images columns-6 is-cropped wp-block-gallery-1 is-layout-flex wp-block-gallery-is-layout-flex\">\n<figure class=\"wp-block-image size-full\"><a href=\"https:\/\/aracnidatextil.com\/wp-content\/uploads\/2025\/07\/2.png\"><img loading=\"lazy\" decoding=\"async\" width=\"1080\" height=\"1080\" data-id=\"2100\" src=\"https:\/\/aracnidatextil.com\/wp-content\/uploads\/2025\/07\/2.png\" alt=\"\" class=\"wp-image-2100\" srcset=\"https:\/\/aracnidatextil.com\/wp-content\/uploads\/2025\/07\/2.png 1080w, https:\/\/aracnidatextil.com\/wp-content\/uploads\/2025\/07\/2-300x300.png 300w, https:\/\/aracnidatextil.com\/wp-content\/uploads\/2025\/07\/2-1024x1024.png 1024w, https:\/\/aracnidatextil.com\/wp-content\/uploads\/2025\/07\/2-150x150.png 150w, https:\/\/aracnidatextil.com\/wp-content\/uploads\/2025\/07\/2-768x768.png 768w\" sizes=\"auto, (max-width: 1080px) 100vw, 1080px\" \/><\/a><\/figure>\n\n\n\n<figure class=\"wp-block-image size-full\"><a href=\"https:\/\/aracnidatextil.com\/wp-content\/uploads\/2025\/05\/6-2.jpg\"><img loading=\"lazy\" decoding=\"async\" width=\"1600\" height=\"1600\" data-id=\"1307\" src=\"https:\/\/aracnidatextil.com\/wp-content\/uploads\/2025\/05\/6-2.jpg\" alt=\"\" class=\"wp-image-1307\" srcset=\"https:\/\/aracnidatextil.com\/wp-content\/uploads\/2025\/05\/6-2.jpg 1600w, https:\/\/aracnidatextil.com\/wp-content\/uploads\/2025\/05\/6-2-300x300.jpg 300w, https:\/\/aracnidatextil.com\/wp-content\/uploads\/2025\/05\/6-2-1024x1024.jpg 1024w, https:\/\/aracnidatextil.com\/wp-content\/uploads\/2025\/05\/6-2-150x150.jpg 150w, https:\/\/aracnidatextil.com\/wp-content\/uploads\/2025\/05\/6-2-768x768.jpg 768w, https:\/\/aracnidatextil.com\/wp-content\/uploads\/2025\/05\/6-2-1536x1536.jpg 1536w, https:\/\/aracnidatextil.com\/wp-content\/uploads\/2025\/05\/6-2-600x600.jpg 600w, https:\/\/aracnidatextil.com\/wp-content\/uploads\/2025\/05\/6-2-100x100.jpg 100w\" sizes=\"auto, (max-width: 1600px) 100vw, 1600px\" \/><\/a><\/figure>\n\n\n\n<figure class=\"wp-block-image size-full\"><a href=\"https:\/\/aracnidatextil.com\/wp-content\/uploads\/2025\/05\/4-3.jpg\"><img loading=\"lazy\" decoding=\"async\" width=\"1440\" height=\"1794\" data-id=\"1305\" src=\"https:\/\/aracnidatextil.com\/wp-content\/uploads\/2025\/05\/4-3.jpg\" alt=\"\" class=\"wp-image-1305\" srcset=\"https:\/\/aracnidatextil.com\/wp-content\/uploads\/2025\/05\/4-3.jpg 1440w, https:\/\/aracnidatextil.com\/wp-content\/uploads\/2025\/05\/4-3-241x300.jpg 241w, https:\/\/aracnidatextil.com\/wp-content\/uploads\/2025\/05\/4-3-822x1024.jpg 822w, https:\/\/aracnidatextil.com\/wp-content\/uploads\/2025\/05\/4-3-768x957.jpg 768w, https:\/\/aracnidatextil.com\/wp-content\/uploads\/2025\/05\/4-3-1233x1536.jpg 1233w, https:\/\/aracnidatextil.com\/wp-content\/uploads\/2025\/05\/4-3-600x748.jpg 600w\" sizes=\"auto, (max-width: 1440px) 100vw, 1440px\" \/><\/a><\/figure>\n\n\n\n<figure class=\"wp-block-image size-full\"><a href=\"https:\/\/aracnidatextil.com\/wp-content\/uploads\/2025\/05\/3-3-scaled.jpg\"><img loading=\"lazy\" decoding=\"async\" width=\"2560\" height=\"1707\" data-id=\"1304\" src=\"https:\/\/aracnidatextil.com\/wp-content\/uploads\/2025\/05\/3-3-scaled.jpg\" alt=\"\" class=\"wp-image-1304\" srcset=\"https:\/\/aracnidatextil.com\/wp-content\/uploads\/2025\/05\/3-3-scaled.jpg 2560w, https:\/\/aracnidatextil.com\/wp-content\/uploads\/2025\/05\/3-3-300x200.jpg 300w, https:\/\/aracnidatextil.com\/wp-content\/uploads\/2025\/05\/3-3-1024x683.jpg 1024w, https:\/\/aracnidatextil.com\/wp-content\/uploads\/2025\/05\/3-3-768x512.jpg 768w, https:\/\/aracnidatextil.com\/wp-content\/uploads\/2025\/05\/3-3-1536x1024.jpg 1536w, https:\/\/aracnidatextil.com\/wp-content\/uploads\/2025\/05\/3-3-2048x1365.jpg 2048w, https:\/\/aracnidatextil.com\/wp-content\/uploads\/2025\/05\/3-3-600x400.jpg 600w\" sizes=\"auto, (max-width: 2560px) 100vw, 2560px\" \/><\/a><\/figure>\n\n\n\n<figure class=\"wp-block-image size-full\"><a href=\"https:\/\/aracnidatextil.com\/wp-content\/uploads\/2025\/05\/7-scaled.jpg\"><img loading=\"lazy\" decoding=\"async\" width=\"1920\" height=\"2560\" data-id=\"1308\" src=\"https:\/\/aracnidatextil.com\/wp-content\/uploads\/2025\/05\/7-scaled.jpg\" alt=\"\" class=\"wp-image-1308\" srcset=\"https:\/\/aracnidatextil.com\/wp-content\/uploads\/2025\/05\/7-scaled.jpg 1920w, https:\/\/aracnidatextil.com\/wp-content\/uploads\/2025\/05\/7-225x300.jpg 225w, https:\/\/aracnidatextil.com\/wp-content\/uploads\/2025\/05\/7-768x1024.jpg 768w, https:\/\/aracnidatextil.com\/wp-content\/uploads\/2025\/05\/7-1152x1536.jpg 1152w, https:\/\/aracnidatextil.com\/wp-content\/uploads\/2025\/05\/7-1536x2048.jpg 1536w, https:\/\/aracnidatextil.com\/wp-content\/uploads\/2025\/05\/7-600x800.jpg 600w, https:\/\/aracnidatextil.com\/wp-content\/uploads\/2025\/05\/7-scaled-300x400.jpg 300w\" sizes=\"auto, (max-width: 1920px) 100vw, 1920px\" \/><\/a><\/figure>\n\n\n\n<figure class=\"wp-block-image size-full\"><a href=\"https:\/\/aracnidatextil.com\/wp-content\/uploads\/2025\/05\/2-3.jpg\"><img loading=\"lazy\" decoding=\"async\" width=\"1440\" height=\"1794\" data-id=\"1303\" src=\"https:\/\/aracnidatextil.com\/wp-content\/uploads\/2025\/05\/2-3.jpg\" alt=\"\" class=\"wp-image-1303\" srcset=\"https:\/\/aracnidatextil.com\/wp-content\/uploads\/2025\/05\/2-3.jpg 1440w, https:\/\/aracnidatextil.com\/wp-content\/uploads\/2025\/05\/2-3-241x300.jpg 241w, https:\/\/aracnidatextil.com\/wp-content\/uploads\/2025\/05\/2-3-822x1024.jpg 822w, https:\/\/aracnidatextil.com\/wp-content\/uploads\/2025\/05\/2-3-768x957.jpg 768w, https:\/\/aracnidatextil.com\/wp-content\/uploads\/2025\/05\/2-3-1233x1536.jpg 1233w, https:\/\/aracnidatextil.com\/wp-content\/uploads\/2025\/05\/2-3-600x748.jpg 600w\" sizes=\"auto, (max-width: 1440px) 100vw, 1440px\" \/><\/a><\/figure>\n<\/figure>\n","protected":false},"excerpt":{"rendered":"","protected":false},"author":1,"featured_media":0,"parent":0,"menu_order":0,"comment_status":"closed","ping_status":"closed","template":"","meta":{"site-sidebar-layout":"default","site-content-layout":"","ast-site-content-layout":"default","site-content-style":"default","site-sidebar-style":"default","ast-global-header-display":"","ast-banner-title-visibility":"","ast-main-header-display":"","ast-hfb-above-header-display":"","ast-hfb-below-header-display":"","ast-hfb-mobile-header-display":"","site-post-title":"","ast-breadcrumbs-content":"","ast-featured-img":"","footer-sml-layout":"","ast-disable-related-posts":"","theme-transparent-header-meta":"","adv-header-id-meta":"","stick-header-meta":"","header-above-stick-meta":"","header-main-stick-meta":"","header-below-stick-meta":"","astra-migrate-meta-layouts":"set","ast-page-background-enabled":"default","ast-page-background-meta":{"desktop":{"background-color":"var(--ast-global-color-4)","background-image":"","background-repeat":"repeat","background-position":"center center","background-size":"auto","background-attachment":"scroll","background-type":"","background-media":"","overlay-type":"","overlay-color":"","overlay-opacity":"","overlay-gradient":""},"tablet":{"background-color":"","background-image":"","background-repeat":"repeat","background-position":"center center","background-size":"auto","background-attachment":"scroll","background-type":"","background-media":"","overlay-type":"","overlay-color":"","overlay-opacity":"","overlay-gradient":""},"mobile":{"background-color":"","background-image":"","background-repeat":"repeat","background-position":"center center","background-size":"auto","background-attachment":"scroll","background-type":"","background-media":"","overlay-type":"","overlay-color":"","overlay-opacity":"","overlay-gradient":""}},"ast-content-background-meta":{"desktop":{"background-color":"var(--ast-global-color-5)","background-image":"","background-repeat":"repeat","background-position":"center center","background-size":"auto","background-attachment":"scroll","background-type":"","background-media":"","overlay-type":"","overlay-color":"","overlay-opacity":"","overlay-gradient":""},"tablet":{"background-color":"var(--ast-global-color-5)","background-image":"","background-repeat":"repeat","background-position":"center center","background-size":"auto","background-attachment":"scroll","background-type":"","background-media":"","overlay-type":"","overlay-color":"","overlay-opacity":"","overlay-gradient":""},"mobile":{"background-color":"var(--ast-global-color-5)","background-image":"","background-repeat":"repeat","background-position":"center center","background-size":"auto","background-attachment":"scroll","background-type":"","background-media":"","overlay-type":"","overlay-color":"","overlay-opacity":"","overlay-gradient":""}},"footnotes":""},"class_list":["post-1567","page","type-page","status-publish","hentry"],"aioseo_notices":[],"_links":{"self":[{"href":"https:\/\/aracnidatextil.com\/index.php?rest_route=\/wp\/v2\/pages\/1567","targetHints":{"allow":["GET"]}}],"collection":[{"href":"https:\/\/aracnidatextil.com\/index.php?rest_route=\/wp\/v2\/pages"}],"about":[{"href":"https:\/\/aracnidatextil.com\/index.php?rest_route=\/wp\/v2\/types\/page"}],"author":[{"embeddable":true,"href":"https:\/\/aracnidatextil.com\/index.php?rest_route=\/wp\/v2\/users\/1"}],"replies":[{"embeddable":true,"href":"https:\/\/aracnidatextil.com\/index.php?rest_route=%2Fwp%2Fv2%2Fcomments&post=1567"}],"version-history":[{"count":10,"href":"https:\/\/aracnidatextil.com\/index.php?rest_route=\/wp\/v2\/pages\/1567\/revisions"}],"predecessor-version":[{"id":2405,"href":"https:\/\/aracnidatextil.com\/index.php?rest_route=\/wp\/v2\/pages\/1567\/revisions\/2405"}],"wp:attachment":[{"href":"https:\/\/aracnidatextil.com\/index.php?rest_route=%2Fwp%2Fv2%2Fmedia&parent=1567"}],"curies":[{"name":"wp","href":"https:\/\/api.w.org\/{rel}","templated":true}]}}